 Let s = r - -28. Suppose -8*z = s - 168. What is the tens digit of z?
1
Let o = 139745 + -83401. What is the units digit of o?
4
Suppose 2*f - 44 = 4*k, -58 = 4*k + 8*f - 3*f. Let z = k - -10. What is the tens digit of 1*95 - (-4 - (z - 2))?
9
Let p = -25272 + 68057. What is the thousands digit of p?
2
Suppose -2*u - 2*u = -320. Let y be (-1 - (-49)/7)/(-2)*-1. Suppose 4*q - y*b = 21 + 50, 5*q - u = 2*b. What is the tens digit of q?
1
Suppose -15*v + 18*v - 1847 = -4*r, -5*r + 2305 = 3*v. What is the hundreds digit of r?
4
Let m = 35 + -43. Let k be 361 + (m/(-6))/(2/3). Suppose 2*w - 5*w + k = 0. What is the tens digit of w?
2
Let i = 428 - 428. What is the tens digit of (i/(-1) + -617)/(-1)?
1
Let m = 158 - 104. Suppose 0 = 4*l + 3*x - 79, -x - 2*x - m = -3*l. Suppose 4*k + 11 = l. What is the units digit of k?
2
Let g be (3/4 + (-4 - -1))*-4. What is the tens digit of ((-6)/g)/(2/3)*-254?
5
Let i(j) = -25*j**3 - j**2 + 6*j - 17. Let u be i(-5). Let x = 4923 - u. What is the units digit of x?
0
Let g = 2347 - 2335. Let h(u) = -34*u - 111. Let r(s) = 11*s + 37. Let w(o) = 2*h(o) + 7*r(o). What is the tens digit of w(g)?
4
Let y(b) = b**3 - 8*b**2 + 11*b - 4. Let u be y(6). Let x(t) = -40*t + 72. What is the hundreds digit of x(u)?
4
Suppose -11*x + 82035 + 718 = 0. What is the units digit of x?
3
Suppose 86 = -x + 431. Suppose -8*y - x = -9*y. What is the tens digit of y?
4
Suppose 0 = 2*l - 5*l - 636. Let y be l*(35/(-10) - -3). What is the tens digit of y/(-1)*1/(-2)?
5
Let q(u) = 2*u - 3. Let l be q(3). Let z be -3*((-5)/(-3) + -9). Suppose a - 2 = l*a - 5*s, 3*a - z = -5*s. What is the units digit of a?
4
Let o(f) be the second derivative of 13*f**3/3 - 37*f**2/2 - 4*f + 7. What is the hundreds digit of o(9)?
1
Let x be 1 + -10 + 6 + 4. What is the tens digit of 915/(x - -2) + 0 + -4?
0
Let b(y) = 19*y**2 + 9*y - 37. Suppose -16 = -2*g + 5*m + 4, -2 = m. What is the hundreds digit of b(g)?
4
Suppose 2826 = g - q, 2*g + 5664 = 4*g + 4*q. What is the thousands digit of g?
2
Let j(i) = 37*i**2 + 21 + 18*i + 23 + 14*i - 41. What is the units digit of j(4)?
3
Suppose -11*i + 1290 = -6*i. Let p = 503 - i. What is the tens digit of p?
4
Let k(s) = 26*s**3 + 3*s**2 - 2*s + 2. Suppose 4*q + 4*p - 4 = 0, 2 = 5*q + 2*p - 6. What is the tens digit of k(q)?
1
Let j(o) = 16 + 40 + 105 - 22*o - 7. What is the hundreds digit of j(-14)?
4
Let g = -146 - -148. Suppose -3*t = -6, 498 = -g*c + 4*t + 1616. What is the units digit of c?
3
Suppose -d - 4 = -l - 5, -13 = -5*d - 3*l. Suppose d*b + 2 = 12, 0 = -4*j + 5*b + 1907. What is the tens digit of j?
8
Suppose -p + 0*p + 298 = 0. Suppose -g - m = -p, 3*g + 4*m + 0*m - 897 = 0. What is the units digit of g?
5
Suppose -f + 35 = f + t, 5*f + 4*t - 89 = 0. Let j = f + -12. Suppose j*a = -2*w + 501, 5*a - 300 = w + 207. What is the tens digit of a?
0
Let o be (-2 - -5)*8/(-6). Let a be (6/o + 1)*-48. What is the units digit of (54/a)/(1/4)?
9
Let g = -79 + 78. Let z(m) = -m**3 - m**2 + m + 1. Let v(y) = -6*y**3 + 7*y**2 + 17*y - 5. Let k(x) = g*v(x) + 5*z(x). What is the units digit of k(13)?
3
Let k be 6*4/(-8) + 24/2. Suppose k*n - 16*n = -2436. What is the units digit of n?
8
Suppose 279*a = 284*a - 5330. Let x = -153 + a. What is the units digit of x?
3
Let x = 500 - 509. Suppose -5*h - 5*s = 0, h - s = 3*h - 2. What is the units digit of (15/x - -2)/(h/438)?
3
Let a = 270 + -102. Suppose a = i + 5*i. Suppose -646 = -6*k - i. What is the units digit of k?
3
What is the tens digit of 191342/14 + (188/329)/(-3 + 1)?
6
Let d = 239 - 484. Let i = 88 - d. What is the units digit of i?
3
Suppose -2*b = -4*u + 908, 3*u + 6*b - 4*b = 681. Let x = u + -29. What is the hundreds digit of x?
1
Let h = -405 + 709. Let c = 1253 - h. What is the hundreds digit of c?
9
Let h = -1 - -2. Let b(c) = 5 + 0 + 73*c - 3. What is the tens digit of b(h)?
7
Suppose -40*b + 119957 + 81131 + 176432 = 0. What is the units digit of b?
8
Suppose i - 2654 - 5893 = q, -i = -5*q - 8579. What is the units digit of i?
9
Suppose -11*h + 9*h + 28*h - 41626 = 0. What is the units digit of h?
1
What is the ten thousands digit of (8/68)/(18/5419107)?
3
Let x be 54/((-7)/14*3). What is the hundreds digit of 48/x*(-1413)/12?
1
Let s(v) = 23*v - 45. Let p be (-4 + (-9)/(-3))/(1/(-17)). What is the tens digit of s(p)?
4
Suppose -w - 1 = -4*v - 55, -4*v - 3*w - 62 = 0. What is the units digit of (64/(-112))/(4/v)?
2
Let a = 53068 - 30081. What is the hundreds digit of a?
9
Suppose 2*q - 7702 = -3*i + 4666, -4*i + 5*q + 16529 = 0. What is the thousands digit of i?
4
What is the tens digit of (-39)/26*((-9)/6 + (-386374)/12)?
9
Let n(h) = 3*h**2 - 21*h - 2186. What is the units digit of n(58)?
8
Let a(s) = -2251*s - 689. What is the thousands digit of a(-6)?
2
Suppose 10*s = -3*s + 1287. Suppose -q + f + 123 + s = 0, -5*q = 5*f - 1110. What is the hundreds digit of (q - (-7 - -3)) + (-1 - -2)?
2
Let h be (-15)/(-6)*4*(-170)/(-4). Suppose -12*i + 3679 + h = 0. What is the hundreds digit of i?
3
Let n = 251 - 249. Suppose 6*x - n*x + 3*q - 792 = 0, -x - 3*q = -198. What is the units digit of x?
8
Let d = -269 - -237. What is the tens digit of -5 - (1 - 588 - (-28 - d))?
8
Let r = -491 - -527. Suppose -5*l + 16 - r = 0, -s - 5*l = -203. What is the hundreds digit of s?
2
Suppose -225473 = -5*k - 3*o, 23*k - 4*o = 19*k + 180372. What is the hundreds digit of k?
0
Let x be (18/(-8))/((-15)/(-800)). What is the hundreds digit of ((-94)/(-4))/((-12)/x)?
2
Suppose -39687 = -3*u + 8*c, -5*u - 4*c + 1874 = -64375. What is the tens digit of u?
4
Let q(p) = -37*p + 36*p + 78*p + 16. What is the tens digit of q(2)?
7
Let f = 28226 + -19914. What is the thousands digit of f?
8
Let r(g) = 5*g - 7*g - 6*g + 24 + 18*g**2. Suppose 151*k - 146*k = -3*a - 18, 44 = 5*a - 4*k. What is the units digit of r(a)?
0
Suppose -4*r = 4*y - 416, 3*y = -4*r + 234 + 182. Suppose -r = -6*i + 76. Suppose -p = 5*b - i - 14, 5*b = 0. What is the tens digit of p?
4
Let n = -5231 + 13265. What is the tens digit of n?
3
Let w(i) be the second derivative of i**3/6 + 4*i**2 - 15*i. Let p be w(0). Suppose -4*o = -p - 36. What is the units digit of o?
1
Let m(v) = -v**2 - 37*v - 85. Let x be m(-24). Suppose -x - 531 = -5*d - b, 4*d - 595 = 3*b. What is the hundreds digit of d?
1
Suppose -j = 3*j, -2*j - 15 = -5*o. Suppose o*d = 8*d - 10. Suppose 4*g + d*m = 42, -4*m + 5*m = -g + 12. What is the units digit of g?
9
Let p be 40/30 - (12/(-9))/2. Suppose 0 = -3*t + p*t + 693. What is the hundreds digit of t?
6
Let g be 197/(((-5)/10)/((-4)/(-8))). Let k = g - -460. What is the units digit of k?
3
Let r be -65 - (0 - (2 + 0)). Suppose 0 = 2*y + 6 + 112. Let d = y - r. What is the units digit of d?
4
Suppose 10*s + 37 = 187. Suppose -s*g + 10*g - 3*w + 1860 = 0, 3*g + w = 1112. What is the units digit of g?
9
Let y(c) = 2*c**2 - 70*c + 44. Let d be y(35). Suppose -5*o + 113 = -27. Suppose -3*j + d = -o. What is the tens digit of j?
2
Let i(a) be the second derivative of a**4/12 + 4*a**3/3 - 19*a**2/2 - a + 14. What is the tens digit of i(-11)?
1
Suppose -1360*n + 1365*n = 135. Let x(v) = 35*v + 91. What is the hundreds digit of x(n)?
0
Let o = 12237 + -8560. What is the thousands digit of o?
3
Let h = 28479 + -9702. What is the tens digit of h?
7
Suppose 188*x + 55269 - 286697 = 0. What is the thousands digit of x?
1
What is the ten thousands digit of -1 + 14222 + (2 - 1) + (4 - 5)?
1
Let x = 20480 + -17461. What is the units digit of x?
9
Suppose -4*i + s = -7395, 683 + 1180 = i - 5*s. What is the hundreds digit of (-785)/2*i/(-385)?
8
Suppose 20313 - 160935 = -23*d. What is the units digit of d?
4
Let a(d) = 65*d**2 + 7*d + 314. What is the thousands digit of a(12)?
9
Let a(t) = 4 - 4 + 2 - 18*t + 16*t + t**2 + 353*t**3. What is the units digit of a(1)?
4
Suppose 0 = 30*r + 4*x - 109404, 14554 = 2*r + 2*r - 5*x. What is the units digit of r?
6
Suppose -4*m = -4*l + 20, -5*m - 2*l = -0*m + 4. Let j be ((-2)/3 + m)*6/(-4). Suppose 4*c = 4*n - 716, 0*n - 692 = -4*n - j*c. What is the units digit of n?
6
Let c(l) = 22*l**2 - 18*l + 19. Let b be c(1). Let n(w) = 41*w - 279. What is the hundreds digit of n(b)?
6
Let x = -51122 - -102501. What is the ten thousands digit of x?
5
Suppose -51*y = -215715 